+ 895ca3a?
895ca3c
In base 8, what is -11575673 - -141?
-11575532
In base 9, what is 26810 - -1240?
28150
In base 3, what is 212000222 + 1012111?
220020110
In base 11, what is -386 + 1106a?
10794
In base 9, what is -280712467 + 2?
-280712465
In base 16, what is -25f615 + 10?
-25f605
In base 16, what is cb1bff8 + -4?
cb1bff4
In base 15, what is 2b5a46 + -a?
2b5a3b
In base 3, what is -2011101111020 - -10?
-2011101111010
In base 11, what is 14471a2 - 131?
1447071
In base 9, what is 3 + 2503665?
2503668
In base 9, what is 1832 + -303582?
-301650
In base 4, what is 113230312232 + 2323?
113230321221
In base 13, what is b17972 + -2?
b17970
In base 14, what is 6 + -16b857?
-16b851
In base 16, what is 8296d - aa?
828c3
In base 4, what is 2023212112103 + 11?
2023212112120
In base 12, what is -b - -964063?
964054
In base 7, what is -20520 - 102526?
-123346
In base 4, what is -1000330 - 1032130?
-2033120
In base 4, what is 123001201 - -311?
123002112
In base 4, what is -2 - 32320213111?
-32320213113
In base 4, what is 20132320011 - 220?
20132313131
In base 13, what is -3a4 - 5341?
-5715
In base 7, what is 2414242202 + -14?
2414242155
In base 14, what is 6ddd + 397c?
a97b
In base 6, what is -1251302 + -40435?
-1332141
In base 13, what is 523 - -3bc42b?
3bc951
In base 2, what is 100010111011011011110 + -1010?
100010111011011010100
In base 5, what is 13222032 - -2304?
13224341
In base 12, what is 4 - 3642355?
-3642351
In base 2, what is -110100001001111110110000 + -10000?
-110100001001111111000000
In base 10, what is -76557991 + 4?
-76557987
In base 10, what is 1076746 + 17?
1076763
In base 5, what is -3333 + 230200?
221312
In base 8, what is -105563 - 10005?
-115570
In base 12, what is -1014937 + -18?
-1014953
In base 4, what is 3132101320 + 12?
3132101332
In base 12, what is -2 - -1499108?
1499106
In base 13, what is -95b225a + 15?
-95b2245
In base 5, what is -221304 - -3304?
-213000
In base 4, what is 2 + 33101232023?
33101232031
In base 11, what is -2a - -740020?
73aaa1
In base 5, what is -4 + 200114331?
200114322
In base 13, what is 6aab + 13bb?
8199
In base 4, what is 13230103020 + 10?
13230103030
In base 2, what is 1001101011 - -1111110111011?
10001000100110
In base 14, what is -20a7 + 1d1?
-1cb6
In base 9, what is 778 + -66803?
-66014
In base 11, what is -19a1 + 4419?
2528
In base 15, what is -147e4b6 - 6?
-147e4bc
In base 9, what is 4360 + 2164?
6534
In base 10, what is -5 - 277195192?
-277195197
In base 13, what is -a95 - -203b1?
1c619
In base 4, what is 121303 - -1000032?
1122001
In base 10, what is -10 + 613645?
613635
In base 4, what is -112202 + -100312111?
-101030313
In base 11, what is 745 - -2a3044?
2a3789
In base 10, what is 661 + 46743?
47404
In base 2, what is 1100100001100100 - -110110111011?
1101011000011111
In base 3, what is -10220110100021 - 0?
-10220110100021
In base 13, what is 6c4763 - -4?
6c4767
In base 11, what is -8817 + 315?
-8502
In base 9, what is -3 + 56300560?
56300556
In base 13, what is 5 + 8abb2c0?
8abb2c5
In base 13, what is -2434c7 - -4?
-2434c3
In base 16, what is 9 - 3a9f8?
-3a9ef
In base 6, what is -25 - -14135413?
14135344
In base 8, what is 7620502 - -16?
7620520
In base 7, what is -3 - 31353552?
-31353555
In base 5, what is -304123011 + -232?
-304123243
In base 3, what is 20011 - -101121010100?
101121100111
In base 14, what is 286c9 + 26c4?
2adad
In base 10, what is -13 - 1109940?
-1109953
In base 8, what is 3740572 + -70?
3740502
In base 3, what is -11002021022001 - -1012?
-11002021020212
In base 12, what is 150 + 1b83942?
1b83a92
In base 13, what is -3 + 14342794?
14342791
In base 13, what is 122 - 4677a?
-46658
In base 7, what is 5111134 + 0?
5111134
In base 9, what is -3154 + 3721?
556
In base 9, what is 14 + -5862463?
-5862448
In base 5, what is 11020122 - -30204?
11100331
In base 14, what is -77a37 + -2c?
-77a65
In base 15, what is -331b4e - -51?
-331aed
In base 5, what is -212043244 + 404?
-212042340
In base 13, what is -4276b7 + 6?
-4276b1
In base 9, what is 4817 + 3006?
7824
In base 12, what is a2b0502 + 14?
a2b0516
In base 3, what is 2222 - -2212212001212?
2212212011211
In base 14, what is da - 47dbc?
-47cc2
In base 2, what is -10101011 + -1101111011010011?
-1101111101111110
In base 14, what is -1595b6 - a?
-1595c2
In base 7, what is -31 - -211340?
211306
In base 2, what is 101100010110101101 + -100100?
101100010110001001
In base 12, what is -192850 - -212?
-19263a
In base 11, what is -171977 - -7a?
-1718a8
In base 10, what is -123966 + -439?
-124405
In base 6, what is -4034230 - -1?
-4034225
In base 14, what is 14a0298 - 2?
14a0296
In base 7, what is 14366513 + 0?
14366513
In base 3, what is 22022202200 - 120?
22022202010
In base 16, what is -60ee9 - -10?
-60ed9
In base 9, what is 18254230 + 30?
18254260
In base 7, what is -125233255 - 320?
-125233605
In base 5, what is -423 + -3322200?
-3323123
In base 8, what is -3 - -1630705?
1630702
In base 9, what is -26247325 + 30?
-26247285
In base 14, what is -1145 + 5029?
3cc4
In base 12, what is 3 - -36b0394?
36b0397
In base 8, what is -37743171 + 2?
-37743167
In base 9, what is 270256 + 351?
270617
In base 8, what is 2414504 + -232?
2414252
In base 15, what is -38 - -1ca878?
1ca840
In base 7, what is 661600 + 506?
662406
In base 15, what is -123dbb3c + 2?
-123dbb3a
In base 10, what is 566281 - -70?
566351
In base 14, what is -26685c - -18?
-266844
In base 10, what is 1310800 - 2?
1310798
In base 10, what is -16353 + -291?
-16644
In base 14, what is 3b436 + 81a?
3bc52
In base 11, what is -a + 4777253?
4777244
In base 16, what is 8de675 + 7c?
8de6f1
In base 13, what is -2862 + bb9?
-1976
In base 12, what is -11408b - -72?
-114019
In base 8, what is 326605 + 7266?
336073
In base 4, what is -10 - 1201323101102?
-1201323101112
In base 14, what is 1819 + 29a7?
43c2
In base 13, what is -348 - -238ab?
23563
In base 9, what is 32 + -2755748?
-2755716
In base 14, what is -aa - -96d0?
9624
In base 15, what is e + 16135?
16144
In base 10, what is 164 - -1995890?
1996054
In base 15, what is 2 + e199c?
e199e
In base 4, what is 123101 + -3102233?
-2313132
In base 15, what is 2 + -3128d2?
-3128d0
In base 11, what is 1aa9565 - -1?
1aa9566
In base 2, what is 111011010100 - -11010010001?
1010101100101
In base 4, what is 11103230 - -21102?
11130332
In base 2, what is -10001110101001 + -101000111101111?
-111010110011000
In base 2, what is 100010001111101101111010 - 10?
100010001111101101111000
In base 6, what is 10322145 + -343?
10321402
In base 10, what is 20 - 2453637?
-2453617
In base 9, what is 58 - -8503037?
8503106
In base 5, what is 331 + 33014111?
33014442
In base 14, what is 8b09 - -4a06?
d711
In base 10, what is -6475 - 2101?
-8576
In base 14, what is 1939265 + -1?
1939264
In base 9, what is 1601606683 - 3?
1601606680
In base 9, what is 4 - -36200301?
36200305
In base 5, what is -20103300 - -2211?
-20101034
In base 7, what is -105051501 - 10?
-105051511
In base 16, what is 3b + 203c26?
203c61
In base 3, what is -221012211 - 111100201?
-1102120112
In base 10, what is 24642 + -2589?
22053
In base 7, what is 5100402 + -120?
5100252
In base 4, what is -11 - -30113031213?
30113031202
In base 15, what is -240 - -23d8?
2198
In base 3, what is -202201222 - 22000121?
-1001202120
In base 9, what is -2 + 2526886?
2526884
In base 16, what is -45e500 + 5?
-45e4fb
In base 8, what is -6106234 + -1360?
-6107614
In base 16, what is 1cd45 + 125?
1ce6a
In base 4, what is -11110 + 1020302?
1003132
In base 13, what is 1 + -3b5a2?
-3b5a1
In base 10, what is -7 + 65563?
65556
In base 11, what is -13 + 2072464?
2072451
In base 4, what is 1 - -121220012?
121220013
In base 5, what is -3131040 + -20222?
-3201312
In base 14, what is 1b3a + -82?
1a98
In base 5, what is 11 + 2123230042?
2123230103
In base 4, what is 2020232 + -22021?
1332211
In base 4, what is -312212 - -123103?
-123103
In base 2, what is 1111011010111010101 + -1011?
1111011010111001010
In base 5, what is 10130133 + 1144?
10131332
In base 15, what is -68547 + -a?
-68552
In base 10, what is 5 - -350395938?
350395943
In base 16, what is 1cf - -4aca?
4c99
In base 10, what is 88602 + -20?
88582
In base 3, what is 11 + 22022210121110020?
22022210121110101
In base 10, what is -2849887 - -6?
-2849881
In base 4, what is -120112110 + 